{"id":85,"date":"2015-08-14T00:00:00","date_gmt":"2015-08-14T00:00:00","guid":{"rendered":"http:\/\/www.unimaquinas.com\/maquinas-colombia\/awpcp\/browse-categories\/"},"modified":"2015-10-10T21:35:06","modified_gmt":"2015-10-10T21:35:06","slug":"categorias","status":"publish","type":"page","link":"https:\/\/www.unimaquinas.com\/maquinas-colombia\/oferta-de-maquinas-en-colombia\/clasificados\/categorias\/","title":{"rendered":"Categorias"},"content":{"rendered":"<p>[AWPCPBROWSECATS]<\/p>\n","protected":false},"excerpt":{"rendered":"<p>[AWPCPBROWSECATS]<\/p>\n","protected":false},"author":1,"featured_media":0,"parent":77,"menu_order":0,"comment_status":"closed","ping_status":"open","template":"","meta":{"footnotes":""},"class_list":["post-85","page","type-page","status-publish","hentry"],"yoast_head":"<!-- This site is optimized with the Yoast SEO plugin v27.4 - https:\/\/yoast.com\/product\/yoast-seo-wordpress\/ -->\n<title>Categorias - Unimaquinas<\/title>\n<meta name=\"robots\" content=\"index, follow, max-snippet:-1, max-image-preview:large, max-video-preview:-1\" \/>\n<link rel=\"canonical\" href=\"https:\/\/www.unimaquinas.com\/maquinas-colombia\/oferta-de-maquinas-en-colombia\/clasificados\/categorias\/\" \/>\n<meta property=\"og:locale\" content=\"es_ES\" \/>\n<meta property=\"og:type\" content=\"article\" \/>\n<meta property=\"og:title\" content=\"Categorias - Unimaquinas\" \/>\n<meta property=\"og:description\" content=\"[AWPCPBROWSECATS]\" \/>\n<meta property=\"og:url\" content=\"https:\/\/www.unimaquinas.com\/maquinas-colombia\/oferta-de-maquinas-en-colombia\/clasificados\/categorias\/\" \/>\n<meta property=\"og:site_name\" content=\"Unimaquinas\" \/>\n<meta property=\"article:modified_time\" content=\"2015-10-10T21:35:06+00:00\" \/>\n<meta name=\"twitter:card\" content=\"summary_large_image\" \/>\n<script type=\"application\/ld+json\" class=\"yoast-schema-graph\">{\"@context\":\"https:\\\/\\\/schema.org\",\"@graph\":[{\"@type\":\"WebPage\",\"@id\":\"https:\\\/\\\/www.unimaquinas.com\\\/maquinas-colombia\\\/oferta-de-maquinas-en-colombia\\\/clasificados\\\/categorias\\\/\",\"url\":\"https:\\\/\\\/www.unimaquinas.com\\\/maquinas-colombia\\\/oferta-de-maquinas-en-colombia\\\/clasificados\\\/categorias\\\/\",\"name\":\"Categorias - Unimaquinas\",\"isPartOf\":{\"@id\":\"https:\\\/\\\/www.unimaquinas.com\\\/maquinas-colombia\\\/oferta-de-maquinas-en-colombia\\\/#website\"},\"datePublished\":\"2015-08-14T00:00:00+00:00\",\"dateModified\":\"2015-10-10T21:35:06+00:00\",\"breadcrumb\":{\"@id\":\"https:\\\/\\\/www.unimaquinas.com\\\/maquinas-colombia\\\/oferta-de-maquinas-en-colombia\\\/clasificados\\\/categorias\\\/#breadcrumb\"},\"inLanguage\":\"es\",\"potentialAction\":[{\"@type\":\"ReadAction\",\"target\":[\"https:\\\/\\\/www.unimaquinas.com\\\/maquinas-colombia\\\/oferta-de-maquinas-en-colombia\\\/clasificados\\\/categorias\\\/\"]}]},{\"@type\":\"BreadcrumbList\",\"@id\":\"https:\\\/\\\/www.unimaquinas.com\\\/maquinas-colombia\\\/oferta-de-maquinas-en-colombia\\\/clasificados\\\/categorias\\\/#breadcrumb\",\"itemListElement\":[{\"@type\":\"ListItem\",\"position\":1,\"name\":\"Portada\",\"item\":\"https:\\\/\\\/www.unimaquinas.com\\\/maquinas-colombia\\\/oferta-de-maquinas-en-colombia\\\/\"},{\"@type\":\"ListItem\",\"position\":2,\"name\":\"Publique su m\u00e1quina\",\"item\":\"https:\\\/\\\/www.unimaquinas.com\\\/maquinas-colombia\\\/oferta-de-maquinas-en-colombia\\\/clasificados\\\/\"},{\"@type\":\"ListItem\",\"position\":3,\"name\":\"Categorias\"}]},{\"@type\":\"WebSite\",\"@id\":\"https:\\\/\\\/www.unimaquinas.com\\\/maquinas-colombia\\\/oferta-de-maquinas-en-colombia\\\/#website\",\"url\":\"https:\\\/\\\/www.unimaquinas.com\\\/maquinas-colombia\\\/oferta-de-maquinas-en-colombia\\\/\",\"name\":\"Unimaquinas\",\"description\":\"M\u00e1quinas nuevas y usadas, importaci\u00f3n de todo tipo de m\u00e1quinaria\",\"publisher\":{\"@id\":\"https:\\\/\\\/www.unimaquinas.com\\\/maquinas-colombia\\\/oferta-de-maquinas-en-colombia\\\/#organization\"},\"potentialAction\":[{\"@type\":\"SearchAction\",\"target\":{\"@type\":\"EntryPoint\",\"urlTemplate\":\"https:\\\/\\\/www.unimaquinas.com\\\/maquinas-colombia\\\/oferta-de-maquinas-en-colombia\\\/?s={search_term_string}\"},\"query-input\":{\"@type\":\"PropertyValueSpecification\",\"valueRequired\":true,\"valueName\":\"search_term_string\"}}],\"inLanguage\":\"es\"},{\"@type\":\"Organization\",\"@id\":\"https:\\\/\\\/www.unimaquinas.com\\\/maquinas-colombia\\\/oferta-de-maquinas-en-colombia\\\/#organization\",\"name\":\"Unimaquinas\",\"url\":\"https:\\\/\\\/www.unimaquinas.com\\\/maquinas-colombia\\\/oferta-de-maquinas-en-colombia\\\/\",\"logo\":{\"@type\":\"ImageObject\",\"inLanguage\":\"es\",\"@id\":\"https:\\\/\\\/www.unimaquinas.com\\\/maquinas-colombia\\\/oferta-de-maquinas-en-colombia\\\/#\\\/schema\\\/logo\\\/image\\\/\",\"url\":\"https:\\\/\\\/www.unimaquinas.com\\\/maquinas-colombia\\\/wp-content\\\/uploads\\\/2015\\\/08\\\/unimaquinas-logo.png\",\"contentUrl\":\"https:\\\/\\\/www.unimaquinas.com\\\/maquinas-colombia\\\/wp-content\\\/uploads\\\/2015\\\/08\\\/unimaquinas-logo.png\",\"width\":888,\"height\":251,\"caption\":\"Unimaquinas\"},\"image\":{\"@id\":\"https:\\\/\\\/www.unimaquinas.com\\\/maquinas-colombia\\\/oferta-de-maquinas-en-colombia\\\/#\\\/schema\\\/logo\\\/image\\\/\"}}]}<\/script>\n<!-- \/ Yoast SEO plugin. -->","yoast_head_json":{"title":"Categorias - Unimaquinas","robots":{"index":"index","follow":"follow","max-snippet":"max-snippet:-1","max-image-preview":"max-image-preview:large","max-video-preview":"max-video-preview:-1"},"canonical":"https:\/\/www.unimaquinas.com\/maquinas-colombia\/oferta-de-maquinas-en-colombia\/clasificados\/categorias\/","og_locale":"es_ES","og_type":"article","og_title":"Categorias - Unimaquinas","og_description":"[AWPCPBROWSECATS]","og_url":"https:\/\/www.unimaquinas.com\/maquinas-colombia\/oferta-de-maquinas-en-colombia\/clasificados\/categorias\/","og_site_name":"Unimaquinas","article_modified_time":"2015-10-10T21:35:06+00:00","twitter_card":"summary_large_image","schema":{"@context":"https:\/\/schema.org","@graph":[{"@type":"WebPage","@id":"https:\/\/www.unimaquinas.com\/maquinas-colombia\/oferta-de-maquinas-en-colombia\/clasificados\/categorias\/","url":"https:\/\/www.unimaquinas.com\/maquinas-colombia\/oferta-de-maquinas-en-colombia\/clasificados\/categorias\/","name":"Categorias - Unimaquinas","isPartOf":{"@id":"https:\/\/www.unimaquinas.com\/maquinas-colombia\/oferta-de-maquinas-en-colombia\/#website"},"datePublished":"2015-08-14T00:00:00+00:00","dateModified":"2015-10-10T21:35:06+00:00","breadcrumb":{"@id":"https:\/\/www.unimaquinas.com\/maquinas-colombia\/oferta-de-maquinas-en-colombia\/clasificados\/categorias\/#breadcrumb"},"inLanguage":"es","potentialAction":[{"@type":"ReadAction","target":["https:\/\/www.unimaquinas.com\/maquinas-colombia\/oferta-de-maquinas-en-colombia\/clasificados\/categorias\/"]}]},{"@type":"BreadcrumbList","@id":"https:\/\/www.unimaquinas.com\/maquinas-colombia\/oferta-de-maquinas-en-colombia\/clasificados\/categorias\/#breadcrumb","itemListElement":[{"@type":"ListItem","position":1,"name":"Portada","item":"https:\/\/www.unimaquinas.com\/maquinas-colombia\/oferta-de-maquinas-en-colombia\/"},{"@type":"ListItem","position":2,"name":"Publique su m\u00e1quina","item":"https:\/\/www.unimaquinas.com\/maquinas-colombia\/oferta-de-maquinas-en-colombia\/clasificados\/"},{"@type":"ListItem","position":3,"name":"Categorias"}]},{"@type":"WebSite","@id":"https:\/\/www.unimaquinas.com\/maquinas-colombia\/oferta-de-maquinas-en-colombia\/#website","url":"https:\/\/www.unimaquinas.com\/maquinas-colombia\/oferta-de-maquinas-en-colombia\/","name":"Unimaquinas","description":"M\u00e1quinas nuevas y usadas, importaci\u00f3n de todo tipo de m\u00e1quinaria","publisher":{"@id":"https:\/\/www.unimaquinas.com\/maquinas-colombia\/oferta-de-maquinas-en-colombia\/#organization"},"potentialAction":[{"@type":"SearchAction","target":{"@type":"EntryPoint","urlTemplate":"https:\/\/www.unimaquinas.com\/maquinas-colombia\/oferta-de-maquinas-en-colombia\/?s={search_term_string}"},"query-input":{"@type":"PropertyValueSpecification","valueRequired":true,"valueName":"search_term_string"}}],"inLanguage":"es"},{"@type":"Organization","@id":"https:\/\/www.unimaquinas.com\/maquinas-colombia\/oferta-de-maquinas-en-colombia\/#organization","name":"Unimaquinas","url":"https:\/\/www.unimaquinas.com\/maquinas-colombia\/oferta-de-maquinas-en-colombia\/","logo":{"@type":"ImageObject","inLanguage":"es","@id":"https:\/\/www.unimaquinas.com\/maquinas-colombia\/oferta-de-maquinas-en-colombia\/#\/schema\/logo\/image\/","url":"https:\/\/www.unimaquinas.com\/maquinas-colombia\/wp-content\/uploads\/2015\/08\/unimaquinas-logo.png","contentUrl":"https:\/\/www.unimaquinas.com\/maquinas-colombia\/wp-content\/uploads\/2015\/08\/unimaquinas-logo.png","width":888,"height":251,"caption":"Unimaquinas"},"image":{"@id":"https:\/\/www.unimaquinas.com\/maquinas-colombia\/oferta-de-maquinas-en-colombia\/#\/schema\/logo\/image\/"}}]}},"_links":{"self":[{"href":"https:\/\/www.unimaquinas.com\/maquinas-colombia\/oferta-de-maquinas-en-colombia\/wp-json\/wp\/v2\/pages\/85","targetHints":{"allow":["GET"]}}],"collection":[{"href":"https:\/\/www.unimaquinas.com\/maquinas-colombia\/oferta-de-maquinas-en-colombia\/wp-json\/wp\/v2\/pages"}],"about":[{"href":"https:\/\/www.unimaquinas.com\/maquinas-colombia\/oferta-de-maquinas-en-colombia\/wp-json\/wp\/v2\/types\/page"}],"author":[{"embeddable":true,"href":"https:\/\/www.unimaquinas.com\/maquinas-colombia\/oferta-de-maquinas-en-colombia\/wp-json\/wp\/v2\/users\/1"}],"replies":[{"embeddable":true,"href":"https:\/\/www.unimaquinas.com\/maquinas-colombia\/oferta-de-maquinas-en-colombia\/wp-json\/wp\/v2\/comments?post=85"}],"version-history":[{"count":0,"href":"https:\/\/www.unimaquinas.com\/maquinas-colombia\/oferta-de-maquinas-en-colombia\/wp-json\/wp\/v2\/pages\/85\/revisions"}],"up":[{"embeddable":true,"href":"https:\/\/www.unimaquinas.com\/maquinas-colombia\/oferta-de-maquinas-en-colombia\/wp-json\/wp\/v2\/pages\/77"}],"wp:attachment":[{"href":"https:\/\/www.unimaquinas.com\/maquinas-colombia\/oferta-de-maquinas-en-colombia\/wp-json\/wp\/v2\/media?parent=85"}],"curies":[{"name":"wp","href":"https:\/\/api.w.org\/{rel}","templated":true}]}}